5c0
Convert -123133 (base 5) to base 9.
-6515
2098 (base 12) to base 11
2758
Convert -4430 (base 6) to base 14.
-534
113 (base 12) to base 6
423
What is 12122221 (base 3) in base 9?
5587
What is 28bd (base 15) in base 5?
234403
What is 23103130 (base 4) in base 2?
1011010011011100
Convert -b64 (base 14) to base 7.
-6354
What is -2011102010 (base 3) in base 12?
-20786
-277 (base 8) to base 2
-10111111
What is 114184 (base 9) in base 7?
404146
-596 (base 12) to base 15
-3a9
What is 1a28 (base 13) in base 12?
2329
Convert 197 (base 11) to base 3.
22102
Convert -55450 (base 7) to base 16.
-367f
111011100 (base 2) to base 16
1dc
-54154 (base 6) to base 2
-1110011110110
-101010110 (base 2) to base 12
-246
What is -12201 (base 4) in base 9?
-513
Convert -444 (base 15) to base 7.
-2545
What is -163226 (base 7) in base 3?
-1122101112
-2629 (base 14) to base 12
-3a65
-12331 (base 5) to base 12
-686
What is 186 (base 13) in base 9?
340
-130 (base 13) to base 10
-208
Convert 10012002 (base 3) to base 14.
bc0
6527 (base 9) to base 15
1654
1010220 (base 3) to base 9
1126
Convert -10111100110100 (base 2) to base 10.
-12084
Convert -110111101 (base 2) to base 3.
-121111
Convert 3904 (base 15) to base 3.
121200011
-1526 (base 7) to base 3
-211112
154 (base 6) to base 16
46
Convert 765 (base 12) to base 13.
656
Convert 221201 (base 3) to base 11.
581
Convert 8a1c (base 13) to base 7.
110146
Convert 2032003 (base 4) to base 10.
9091
-7029 (base 13) to base 11
-10643
Convert 1122112012 (base 3) to base 14.
bb87
Convert 112102112 (base 3) to base 2.
10100100010101
What is 23414 (base 7) in base 13?
2996
What is -13229 (base 13) in base 11?
-24766
60 (base 7) to base 14
30
Convert 12124 (base 5) to base 14.
494
Convert -101000 (base 4) to base 3.
-1111022
-1450 (base 12) to base 3
-10020120
100001 (base 2) to base 9
36
What is 11230 (base 10) in base 12?
65ba
Convert 21223 (base 4) to base 13.
388
Convert -10011010001 (base 2) to base 3.
-1200200
-3a8a (base 11) to base 10
-5301
42 (base 5) to base 2
10110
-104303 (base 6) to base 11
-6636
952 (base 10) to base 4
32320
What is -111100001110 (base 2) in base 13?
-19a6
-43c (base 14) to base 2
-1101000110
What is 1000011001110 (base 2) in base 15?
141c
Convert -1042221 (base 5) to base 8.
-44004
33101 (base 4) to base 10
977
What is 1c6 (base 14) in base 3?
111201
Convert -138c (base 15) to base 13.
-1b99
What is c342 (base 13) in base 7?
141333
Convert a335 (base 12) to base 10.
17753
What is -413 (base 10) in base 5?
-3123
-1a51a (base 15) to base 11
-59290
What is -32166 (base 8) in base 10?
-13430
What is 30451 (base 7) in base 9?
11171
Convert 43 (base 8) to base 10.
35
76ae (base 16) to base 3
1112200021
Convert -469 (base 12) to base 16.
-291
What is -1323131 (base 4) in base 6?
-100325
What is 17253 (base 10) in base 12?
9b99
-100223 (base 5) to base 8
-6164
b164 (base 13) to base 5
1240133
What is 906 (base 16) in base 12?
1406
Convert -31102 (base 5) to base 13.
-bcc
What is c3a (base 13) in base 11?
1619
-210100102 (base 3) to base 10
-15563
20f (base 16) to base 9
645
Convert -2031013 (base 5) to base 11.
-22a95
Convert 265 (base 10) to base 11.
221
What is -1135 (base 10) in base 2?
-10001101111
What is -2558 (base 9) in base 12?
-1138
What is -3a77 (base 15) in base 9?
-18114
21401 (base 5) to base 8
2704
What is -c830 (base 13) in base 11?
-19942
-272 (base 13) to base 15
-1db
-7231 (base 11) to base 8
-22571
What is -5daa (base 14) in base 10?
-16418
What is 165303 (base 8) in base 10?
60099
What is 2c6 (base 13) in base 11?
415
-386 (base 13) to base 10
-617
-182b (base 13) to base 5
-103321
100140 (base 5) to base 10
3170
251310 (base 7) to base 11
31714
Convert -21411 (base 5) to base 16.
-5c9
-3035 (base 15) to base 5
-311200
What is 10121 (base 5) in base 10?
661
What is 1b8 (base 14) in base 15?
18d
13525 (base 6) to base 3
2221022
What is -1f2 (base 16) in base 10?
-498
112525 (base 9) to base 11
46790
-422 (base 14) to base 4
-30232
-3302 (base 13) to base 8
-15674
Convert -3480 (base 9) to base 11.
-1a39
-33143 (base 5) to base 12
-13b6
-1511 (base 8) to base 7
-2311
What is 1954 (base 10) in base 5?
30304
What is 226 (base 8) in base 4?
2112
What is -19c1 (base 14) in base 12?
-2859
What is -77c0 (base 15) in base 13?
-b724
1846 (base 13) to base 9
4847
Convert 2045 (base 7) to base 10.
719
Convert 53f5 (base 16) to base 9.
32431
2642 (base 13) to base 4
1111112
What is -15022 (base 12) in base 7?
-151502
What is -4140 (base 7) in base 12?
-a09
1110211 (base 3) to base 13
649
Convert 630 (base 9) to base 4.
20001
What is -46a (base 16) in base 9?
-1485
-4a6 (base 12) to base 6
-3130
-1457 (base 10) to base 16
-5b1
2107 (base 9) to base 16
60a
What is 845 (base 11) in base 3?
1101200
-34413 (base 5) to base 7
-10145
Convert 100100101011 (base 2) to base 5.
33342
Convert -561 (base 10) to base 4.
-20301
Convert 4232 (base 7) to base 10.
1493
What is 10110120 (base 3) in base 9?
3416
Convert -1330 (base 6) to base 7.
-666
Convert bce (base 15) to base 4.
221231
-1000100001011 (base 2) to base 6
-32111
What is 476 (base 10) in base 11?
3a3
12022 (base 8) to base 7
20660
Convert -10010000100101010 (base 2) to base 16.
-1212a
Convert -349 (base 10) to base 5.
-2344
Convert -48 (base 9) to base 6.
-112
-1226 (base 10) to base 16
-4ca
Convert -31647 (base 8) to base 6.
-141115
What is -13516 (base 7) in base 9?
-5047
53024 (base 10) to base 5
3144044
What is 22021100 (base 3) in base 13?
298b
Convert 1415 (base 7) to base 16.
227
-1b0 (base 16) to base 8
-660
What is -11626 (base 8) in base 7?
-20422
-1677 (base 16) to base 7
-22524
8944 (base 14) to base 3
1012121121
Convert 651 (base 8) to base 5.
3200
Convert -15b79 (base 13) to base 7.
-232002
What is 1201200111 (base 3) in base 16?
84f1
-1314401 (base 5) to base 15
-7b86
What is -11100111010 (base 2) in base 5?
-24400
-1154 (base 8) to base 5
-4440
What is -132211 (base 4) in base 16?
-7a5
-7004 (base 8) to base 15
-10e3
-310230 (base 4) to base 10
-3372
Convert 502 (base 12) to base 6.
3202
-cd (base 15) to base 5
-1233
10011320 (base 4) to base 15
4e75
Convert -476 (base 10) to base 15.
-21b
What is 25754 (base 11) in base 2?
1000111111101011
Convert 20a (base 15) to base 13.
295
Convert -22011 (base 8) to base 9.
-13580
-1000110020 (base 3) to base 2
-100111000101101
What is -117b (base 14) in base 12?
-1921
Convert -9398 (base 12) to base 9.
-24068
Convert 2323 (base 5) to base 12.
242
What is -4401 (base 5) in base 2?
-1001011001
What is 33103 (base 6) in base 15?
1550
Convert -137a (base 16) to base 11.
-3823
What is 12b (base 13) in base 15?
db
What is 11051 (base 8) in base 5?
122044
What is 29b (base 15) in base 2?
1001010100
What is -23202 (base 7) in base 8?
-13453
What is -1010110110 (base 2) in base 8?
-1266
What is 111123 (base 5) in base 16?
f49
2310 (base 5) to base 14
198
-315 (base 7) to base 6
-423
What is -212020 (base 3) in base 6?
-2523
468 (base 11) to base 15
273
What is -2652 (base 7) in base 8?
-1771
What is -111033 (base 6) in base 8?
-22135
Convert -2328 (base 14) to base 3.
-22101101
Convert 941 (base 10) to base 4.
32231
-21b5 (base 12) to base 14
-150d
What is -c0d (base 14) in base 13?
-10cc
12010 (base 6) to base 9
2336
-882 (base 12) to base 13
-752
-22011011 (base 3) to base 15
-1b64
Convert -5109 (base 10) to base 9.
-7006
Convert db84 (base 15) to base 2.
1011010110001010
Convert -1dd6 (base 14) to base 11.
-4132
What is 2241 (base 8) in base 2?
10010100001
What is -1100101100 (base 2) in base 11?
-679
What is -22534 (base 6) in base 9?
-4374
Convert 11001111100 (base 2) to base 16.
67c
What is -222002 (base 4) in base 11?
-2026
What is -6459 (base 12) in base 6?
-122553
Convert -1225453 (base 6) to base 11.
-456a2
Convert -2110221 (base 3) to base 10.
-1807
Convert -10012112210 (base 3) to base 11.
-43448
What is -1421 (base 12) in base 15?
-a54
25482 (base 9) to base 7
101021
What is 222201122 (base 3) in base 8?
46034
-12621 (base 7) to base 11
-2608
What is -581 (base 15) in base 14?
-650
1a451 (base 11) to base 12
145a3
-2012 (base 3) to base 8
-73
-110111101 (base 2) to base 3
-121111
Convert 50a7 (base 11) to base 5.
204042
What is -2822 (base 11) in base 6?
-24530
66115 (base 7) to base 5
101210